{"id":94,"date":"2014-04-13T13:04:21","date_gmt":"2014-04-13T11:04:21","guid":{"rendered":"http:\/\/freebook.fernglas-astronomie.de\/?page_id=94"},"modified":"2014-04-17T10:21:40","modified_gmt":"2014-04-17T08:21:40","slug":"kleiner-mondatlas","status":"publish","type":"page","link":"http:\/\/freebook.fernglas-astronomie.de\/?page_id=94","title":{"rendered":"Kleiner Mondatlas"},"content":{"rendered":"<p>Um Oberfl\u00e4chendetails auf dem Mond zu beobachten, sollten Sie Ihr Fernglas auf ein Stativ stellen, nur dann sind auch etwas kleinere Krater zu erkennen. Am auff\u00e4lligsten sind die Mondmeere. Es handelt sich um ausgedehnte Tiefebenen, die mit Lava \u00fcberflutet sind. Die letzten Lavaausbr\u00fcche ereigneten sich vor etwa einer Milliarde Jahre, daher gibt es hier viel weniger Krater als auf den viermal \u00e4lteren Hochebenen.<\/p>\n<p>Bei den Kratern handelt es sich um Einschlagskrater von Meteoriten. Da auf dem Mond keine Erosion durch Wind oder Wasser vorkommt, bleiben auch kleinste Krater erhalten. In vielen der gr\u00f6\u00dferen, zum Teil mehr als hundert Kilometer durchmessenden Kratern befinden sich Zentralberge, die bei dem Einschlag entstanden sind. Ausgehend von einigen Kratern finden sich auch helle Strahlensysteme. Bergketten, T\u00e4ler und Rillen sowie Kraterketten runden das Bild ab.<\/p>\n<p>Auf der Mondkarte in diesem Kapitel sind einige der auffallendsten oder interessantesten Merkmale markiert, die im folgenden n\u00e4her beschrieben werden. Gro\u00dfbuchstaben bezeichnen die Mondmeere, die Krater sind durchnummeriert und andere Formationen sind mit Buchstaben gekennzeichnet.<\/p>\n<p>Auf dem Mond, wie wir ihn am Himmel sehen, ist Norden oben und Westen links. Diese Verteilung der Himmelsrichtungen wurde 1961 von der Internationalen Astronomischen Union festgelegt.<\/p>\n<p><a href=\"http:\/\/freebook.fernglas-astronomie.de\/wp-content\/uploads\/2014\/04\/Mondkarte.jpg\"><img loading=\"lazy\" decoding=\"async\" class=\"aligncenter size-full wp-image-95\" alt=\"Mondkarte\" src=\"http:\/\/freebook.fernglas-astronomie.de\/wp-content\/uploads\/2014\/04\/Mondkarte.jpg\" width=\"400\" height=\"375\" srcset=\"http:\/\/freebook.fernglas-astronomie.de\/wp-content\/uploads\/2014\/04\/Mondkarte.jpg 400w, http:\/\/freebook.fernglas-astronomie.de\/wp-content\/uploads\/2014\/04\/Mondkarte-300x281.jpg 300w\" sizes=\"auto, (max-width: 400px) 100vw, 400px\" \/><\/a><\/p>\n<p>weiter zu:<\/p>\n<ul>\n<li><a title=\"Mondmeere\" href=\"http:\/\/freebook.fernglas-astronomie.de\/?page_id=97\">Mondmeere<\/a><\/li>\n<li><a title=\"Krater\" href=\"http:\/\/freebook.fernglas-astronomie.de\/?page_id=121\">Krater<\/a><\/li>\n<li><a title=\"Andere Strukturen\" href=\"http:\/\/freebook.fernglas-astronomie.de\/?page_id=492\">Andere Strukuren<\/a><\/li>\n<\/ul>\n","protected":false},"excerpt":{"rendered":"<p>Um Oberfl\u00e4chendetails auf dem Mond zu beobachten, sollten Sie Ihr Fernglas auf ein Stativ stellen, nur dann sind auch etwas kleinere Krater zu erkennen. Am auff\u00e4lligsten sind die Mondmeere. Es handelt sich um ausgedehnte Tiefebenen, die mit Lava \u00fcberflutet sind. Die letzten Lavaausbr\u00fcche ereigneten sich vor etwa einer Milliarde Jahre, daher gibt es hier viel &hellip; <a href=\"http:\/\/freebook.fernglas-astronomie.de\/?page_id=94\" class=\"more-link\"><span class=\"screen-reader-text\">Kleiner Mondatlas<\/span> weiterlesen <span class=\"meta-nav\">&rarr;<\/span><\/a><\/p>\n","protected":false},"author":1,"featured_media":0,"parent":89,"menu_order":0,"comment_status":"closed","ping_status":"closed","template":"","meta":{"footnotes":""},"class_list":["post-94","page","type-page","status-publish","hentry"],"_links":{"self":[{"href":"http:\/\/freebook.fernglas-astronomie.de\/index.php?rest_route=\/wp\/v2\/pages\/94","targetHints":{"allow":["GET"]}}],"collection":[{"href":"http:\/\/freebook.fernglas-astronomie.de\/index.php?rest_route=\/wp\/v2\/pages"}],"about":[{"href":"http:\/\/freebook.fernglas-astronomie.de\/index.php?rest_route=\/wp\/v2\/types\/page"}],"author":[{"embeddable":true,"href":"http:\/\/freebook.fernglas-astronomie.de\/index.php?rest_route=\/wp\/v2\/users\/1"}],"replies":[{"embeddable":true,"href":"http:\/\/freebook.fernglas-astronomie.de\/index.php?rest_route=%2Fwp%2Fv2%2Fcomments&post=94"}],"version-history":[{"count":4,"href":"http:\/\/freebook.fernglas-astronomie.de\/index.php?rest_route=\/wp\/v2\/pages\/94\/revisions"}],"predecessor-version":[{"id":508,"href":"http:\/\/freebook.fernglas-astronomie.de\/index.php?rest_route=\/wp\/v2\/pages\/94\/revisions\/508"}],"up":[{"embeddable":true,"href":"http:\/\/freebook.fernglas-astronomie.de\/index.php?rest_route=\/wp\/v2\/pages\/89"}],"wp:attachment":[{"href":"http:\/\/freebook.fernglas-astronomie.de\/index.php?rest_route=%2Fwp%2Fv2%2Fmedia&parent=94"}],"curies":[{"name":"wp","href":"https:\/\/api.w.org\/{rel}","templated":true}]}}