{"id":75,"date":"2014-04-13T12:52:01","date_gmt":"2014-04-13T10:52:01","guid":{"rendered":"http:\/\/freebook.fernglas-astronomie.de\/?page_id=75"},"modified":"2014-04-17T10:25:34","modified_gmt":"2014-04-17T08:25:34","slug":"sonnenbeobachtung","status":"publish","type":"page","link":"http:\/\/freebook.fernglas-astronomie.de\/?page_id=75","title":{"rendered":"Sonnenbeobachtung"},"content":{"rendered":"<p style=\"text-align: center;\"><span style=\"color: #ff0000;\"><strong>!!!Sehen Sie niemals ohne geeignete Filter in die Sonne!!!<\/strong><\/span><\/p>\n<p>Die Sonne ist das gef\u00e4hrlichste Beobachtungsobjekt. Das Auge kann bereits gesch\u00e4digt werden, wenn Sie mit blo\u00dfem Auge einige Zeit in die Sonne blicken. Allerdings langt mit blo\u00dfem Auge die Zeit aus, in der man sich reflexartig abwendet, um Sch\u00e4den zu verhindern. Anders sieht es jedoch aus, wenn Sie durch ein Fernglas oder Teleskop blicken. Hier wird das Licht gesammelt und verst\u00e4rkt, sodass es sofort zu bleibenden Sch\u00e4den kommt. Ein zutreffendes Sprichwort unter Astronomen besagt, dass man mit einem Teleskop ohne Filter nur zweimal in die Sonne blicken kann \u2013 einmal mit dem rechten und einmal mit dem linken Auge. Mit dem Fernglas gibt es sogar nur eine Gelegenheit. Der Grund ist zum einen die energiereiche ultraviolette Strahlung der Sonne, die sehr rasch einen Sonnenbrand auf der Netzhaut verursacht \u2013 im Gegensatz zu Hautzellen k\u00f6nnen sich die verbrannten Sehsinneszellen aber nicht regenerieren, sondern bleiben tot. Durch die Infrarotstrahlung wird das Auge zus\u00e4tzlich noch erhitzt. Da Zellen und Proteine bereits ab etwa 40\u00b0C gesch\u00e4digt werden k\u00f6nnen und abzusterben beginnen, ist die Gefahr offensichtlich. Bei noch h\u00f6heren Temperaturen wird das Auge selbst geradezu gekocht, und Proteine fangen an, sich zu zersetzen \u2013 \u00e4hnlich wie das Eiklar eines Eis in der Bratpfanne zu Eiwei\u00df ausflockt.<\/p>\n<p>F\u00fcr sichere Sonnenbeobachtung sind daher entweder Objektivsonnenfilter n\u00f6tig, oder man projiziert das Sonnenbild.<\/p>\n<figure id=\"attachment_76\" aria-describedby=\"caption-attachment-76\" style=\"width: 400px\" class=\"wp-caption aligncenter\"><a href=\"http:\/\/freebook.fernglas-astronomie.de\/wp-content\/uploads\/2014\/04\/Sonnenfilter.jpg\"><img loading=\"lazy\" decoding=\"async\" class=\"size-full wp-image-76\" alt=\"Selbstgebaute Folienfilter aus AstroSolar-Folie zur Sonnenbeobachtung sind zwar empfindlicher als Glasfilter (links), in der optischen Qualit\u00e4t sind sie ihnen aber teilweise sogar \u00fcberlegen.\" src=\"http:\/\/freebook.fernglas-astronomie.de\/wp-content\/uploads\/2014\/04\/Sonnenfilter.jpg\" width=\"400\" height=\"204\" srcset=\"http:\/\/freebook.fernglas-astronomie.de\/wp-content\/uploads\/2014\/04\/Sonnenfilter.jpg 400w, http:\/\/freebook.fernglas-astronomie.de\/wp-content\/uploads\/2014\/04\/Sonnenfilter-300x153.jpg 300w\" sizes=\"auto, (max-width: 400px) 100vw, 400px\" \/><\/a><figcaption id=\"caption-attachment-76\" class=\"wp-caption-text\">Selbstgebaute Folienfilter aus AstroSolar-Folie zur Sonnenbeobachtung sind zwar empfindlicher als Glasfilter (links), in der optischen Qualit\u00e4t sind sie ihnen aber teilweise sogar \u00fcberlegen.<\/figcaption><\/figure>\n<p>Spezielle Objektivsonnenfilter (Neutral- oder Graufilter) werden f\u00fcr Ferngl\u00e4ser in der Regel nicht angeboten, allerdings stellt die Firma Baader Planetarium (<a href=\"http:\/\/protecsolar.com\/\" target=\"_blank\">http:\/\/protecsolar.com\/<\/a>) eine beidseitig mit Metallschichten bedampfte Filterfolie her, die f\u00fcr die Herstellung von Teleskopfiltern geeignet ist. Sie l\u00e4sst nur 0,0001 Prozent des einfallenden Lichts durch. Mit ihr k\u00f6nnen Sie leicht f\u00fcr jedes Fernglas sichere Objektivfilter bauen. Da die Filter aus einer recht d\u00fcnnen Folie bestehen, sollten Sie sie vor jedem Einsatz auf kleine Risse oder L\u00f6cher untersuchen und bei Nichtgebrauch sicher lagern. Damit sie nicht abf\u00e4llt, k\u00f6nnen Sie die Fassung falls n\u00f6tig mit Klebeband zus\u00e4tzlich befestigen.<\/p>\n<p>Die Folie \u00e4hnelt der Folie, die auch f\u00fcr Sonnenfinsternisbrillen verwendet wird. Trotzdem sollten Sie auf keinen Fall einfach eine Sonnenfinsternisbrille vor das Fernglas halten \u2013 der Filter muss das Objektiv vollst\u00e4ndig abdecken und darf nicht verrutschen. Da ein Fernglas wie ein Brennglas wirkt, d\u00fcrfen Sie auch auf keinen Fall eine Finsternisbrille selbst aufsetzen und dann durch das Fernglas sehen \u2013 dabei wird sehr schnell ein Loch in die Schutzfolie gebrannt werden.<\/p>\n<p>Es gibt es auch spezielle Sonnenferngl\u00e4ser. Dabei handelt es sich in der Regel um kleine, kompakte Ger\u00e4te mit fest eingebauten Objektivfiltern. Sie besitzen au\u00dferdem meist breite Augenmuscheln, damit man nicht von Streulicht geblendet wird. Diese Ferngl\u00e4ser k\u00f6nnen nur f\u00fcr die Sonnenbeobachtung benutzt werden.<\/p>\n<p>Durch den Filter ist es nicht ganz einfach, die Sonne \u00fcberhaupt zu finden \u2013 erst, wenn sie in das Gesichtsfeld wandert, kann man \u00fcberhaupt etwas erkennen.<\/p>\n<p>Jede Art von okularseitigen Filtern, wie man sie von billigen Kaufhausteleskopen kennt, sollte sofort entsorgt werden. Diese Filter befinden sich in der N\u00e4he des Brennpunktes und bekommen die volle Sonnenenergie ab. D\u00e4mpfgl\u00e4ser werden dadurch hei\u00df und k\u00f6nnen springen, genau wie in Finsternisbrillen L\u00f6cher gebrannt werden k\u00f6nnen. In jedem Fall gen\u00fcgt die Zeit nicht, um noch rechtzeitig wegzusehen, bleibende Sch\u00e4den sind daher vorprogrammiert. Auch Schwei\u00dfergl\u00e4ser, gef\u00e4rbte Negativstreifen oder CDs sind als Filter ungeeignet, da sie nur den sichtbaren Teil der Sonnenstrahlung abblocken. Nur Objektivfilter aus speziellen Materialien verhindern, dass \u00fcberhaupt so viel Energie gesammelt werden kann.<\/p>\n<figure id=\"attachment_77\" aria-describedby=\"caption-attachment-77\" style=\"width: 400px\" class=\"wp-caption aligncenter\"><a href=\"http:\/\/freebook.fernglas-astronomie.de\/wp-content\/uploads\/2014\/04\/Sonnenprojektion.jpg\"><img loading=\"lazy\" decoding=\"async\" class=\"size-full wp-image-77\" alt=\"Die Sonnenprojektion ist die sicherste Methode zur Sonnenbeobachtung, solange niemand durch das Fernglas schaut. Die Blende am Fernglas erh\u00f6ht den Kontrast und verdeckt ein Objektiv.\" src=\"http:\/\/freebook.fernglas-astronomie.de\/wp-content\/uploads\/2014\/04\/Sonnenprojektion.jpg\" width=\"400\" height=\"266\" srcset=\"http:\/\/freebook.fernglas-astronomie.de\/wp-content\/uploads\/2014\/04\/Sonnenprojektion.jpg 400w, http:\/\/freebook.fernglas-astronomie.de\/wp-content\/uploads\/2014\/04\/Sonnenprojektion-300x199.jpg 300w\" sizes=\"auto, (max-width: 400px) 100vw, 400px\" \/><\/a><figcaption id=\"caption-attachment-77\" class=\"wp-caption-text\">Die Sonnenprojektion ist die sicherste Methode zur Sonnenbeobachtung, solange niemand durch das Fernglas schaut. Die Blende am Fernglas erh\u00f6ht den Kontrast und verdeckt ein Objektiv.<\/figcaption><\/figure>\n<p>Am sichersten ist die Sonnenprojektion. Da sich das Fernglas dabei jedoch stark erw\u00e4rmen und so der Kitt aufweichen kann, mit dem die Okularlinsen befestigt sind, sollten Sie nicht allzulange projizieren und wenn m\u00f6glich ein Fernglas benutzen, das nicht zu wertvoll ist. Das Problem tritt vor allem auf, wenn keine Nachf\u00fchrung verwendet wird \u2013 dann wandert das geb\u00fcndelte Sonnenlicht rasch vom Okular auf das Geh\u00e4useinnere. F\u00fcr die Projektion befestigen Sie das Fernglas auf einem Stativ, richten es \u00fcber den Schattenwurf aus (auch hier gilt: niemals direkt durch das Ger\u00e4t sehen!) und halten ein wei\u00dfes Blatt Papier dahinter. Den richtigen Abstand m\u00fcssen Sie durch Probieren herausfinden.<\/p>\n<p>Vor allem wenn Sie einer Gruppe die Sonne zeigen, m\u00fcssen Sie achtgeben, dass niemand aus Versehen durch das Fernglas sieht, w\u00e4hrend es auf die Sonne gerichtet ist (das gilt ebenso f\u00fcr kleine Kinder und Haustiere wie f\u00fcr besserwisserische Mitmenschen, die die Sache f\u00fcr harmlos halten) \u2013 lassen Sie es also nie unbeaufsichtigt stehen.<\/p>\n<figure id=\"attachment_78\" aria-describedby=\"caption-attachment-78\" style=\"width: 400px\" class=\"wp-caption aligncenter\"><a href=\"http:\/\/freebook.fernglas-astronomie.de\/wp-content\/uploads\/2014\/04\/Sonne.jpg\"><img loading=\"lazy\" decoding=\"async\" class=\"size-full wp-image-78\" alt=\"Die Sonne im Wei\u00dflicht: Links fast ohne Flecken am 28. Mai 2004, rechts am 17. Juni 2004. Die Farbunterschiede stammen von den verwendeten Filtern: Die linke Aufnahme wurde mit einer Webcam durch ein Teleobjektiv mit Filterfolie aufgenommen, die rechte durch einen Refraktor mit Glasfilter. Der wei\u00dfe Kreis hat den Durchmesser der Erde im selben Ma\u00dfstab.\" src=\"http:\/\/freebook.fernglas-astronomie.de\/wp-content\/uploads\/2014\/04\/Sonne.jpg\" width=\"400\" height=\"206\" srcset=\"http:\/\/freebook.fernglas-astronomie.de\/wp-content\/uploads\/2014\/04\/Sonne.jpg 400w, http:\/\/freebook.fernglas-astronomie.de\/wp-content\/uploads\/2014\/04\/Sonne-300x154.jpg 300w\" sizes=\"auto, (max-width: 400px) 100vw, 400px\" \/><\/a><figcaption id=\"caption-attachment-78\" class=\"wp-caption-text\">Die Sonne im Wei\u00dflicht: Links fast ohne Flecken am 28. Mai 2004, rechts am 17. Juni 2004. Die Farbunterschiede stammen von den verwendeten Filtern: Die linke Aufnahme wurde mit einer Webcam durch ein Teleobjektiv mit Filterfolie aufgenommen, die rechte durch einen Refraktor mit Glasfilter. Der wei\u00dfe Kreis hat den Durchmesser der Erde im selben Ma\u00dfstab.<\/figcaption><\/figure>\n<h4>weiter zu:<\/h4>\n<ul>\n<li><a title=\"Die Sonne im Fernglas\" href=\"http:\/\/freebook.fernglas-astronomie.de\/?page_id=81\">Die Sonne im Fernglas<\/a><\/li>\n<\/ul>\n","protected":false},"excerpt":{"rendered":"<p>!!!Sehen Sie niemals ohne geeignete Filter in die Sonne!!! Die Sonne ist das gef\u00e4hrlichste Beobachtungsobjekt. Das Auge kann bereits gesch\u00e4digt werden, wenn Sie mit blo\u00dfem Auge einige Zeit in die Sonne blicken. Allerdings langt mit blo\u00dfem Auge die Zeit aus, in der man sich reflexartig abwendet, um Sch\u00e4den zu verhindern. Anders sieht es jedoch aus, &hellip; <a href=\"http:\/\/freebook.fernglas-astronomie.de\/?page_id=75\" class=\"more-link\"><span class=\"screen-reader-text\">Sonnenbeobachtung<\/span> weiterlesen <span class=\"meta-nav\">&rarr;<\/span><\/a><\/p>\n","protected":false},"author":1,"featured_media":0,"parent":0,"menu_order":0,"comment_status":"closed","ping_status":"closed","template":"","meta":{"footnotes":""},"class_list":["post-75","page","type-page","status-publish","hentry"],"_links":{"self":[{"href":"http:\/\/freebook.fernglas-astronomie.de\/index.php?rest_route=\/wp\/v2\/pages\/75","targetHints":{"allow":["GET"]}}],"collection":[{"href":"http:\/\/freebook.fernglas-astronomie.de\/index.php?rest_route=\/wp\/v2\/pages"}],"about":[{"href":"http:\/\/freebook.fernglas-astronomie.de\/index.php?rest_route=\/wp\/v2\/types\/page"}],"author":[{"embeddable":true,"href":"http:\/\/freebook.fernglas-astronomie.de\/index.php?rest_route=\/wp\/v2\/users\/1"}],"replies":[{"embeddable":true,"href":"http:\/\/freebook.fernglas-astronomie.de\/index.php?rest_route=%2Fwp%2Fv2%2Fcomments&post=75"}],"version-history":[{"count":3,"href":"http:\/\/freebook.fernglas-astronomie.de\/index.php?rest_route=\/wp\/v2\/pages\/75\/revisions"}],"predecessor-version":[{"id":87,"href":"http:\/\/freebook.fernglas-astronomie.de\/index.php?rest_route=\/wp\/v2\/pages\/75\/revisions\/87"}],"wp:attachment":[{"href":"http:\/\/freebook.fernglas-astronomie.de\/index.php?rest_route=%2Fwp%2Fv2%2Fmedia&parent=75"}],"curies":[{"name":"wp","href":"https:\/\/api.w.org\/{rel}","templated":true}]}}