{"id":54,"date":"2014-04-13T12:31:50","date_gmt":"2014-04-13T10:31:50","guid":{"rendered":"http:\/\/freebook.fernglas-astronomie.de\/?page_id=54"},"modified":"2014-04-23T20:57:06","modified_gmt":"2014-04-23T18:57:06","slug":"die-richtige-pflege","status":"publish","type":"page","link":"http:\/\/freebook.fernglas-astronomie.de\/?page_id=54","title":{"rendered":"Die richtige Pflege"},"content":{"rendered":"<p>Ein gutes Fernglas ist ein optisches Pr\u00e4zisionsinstrument und sollte auch so behandelt werden. Au\u00dferdem ist es f\u00fcr den Massenmarkt produziert und deshalb vergleichsweise robust, sodass Sie mit ein wenig Sorgfalt lange Freude an ihm haben k\u00f6nnen.<\/p>\n<p>Damit der Tubus nicht dejustiert wird, sollten Sie St\u00f6\u00dfe vermeiden und das Fernglas in seiner Schutztasche aufbewahren, wenn es nicht benutzt wird. Vor allem feste Taschen oder auch ein kleiner, gepolsterter Koffer bieten guten Schutz.<\/p>\n<p>Die Staubschutzdeckel sind ebenfalls keine Ziergegenst\u00e4nde, sondern sinnvoll und notwendig, da sie die Linsen vor Staub und Kratzern sch\u00fctzen. Die Glasfl\u00e4chen sollten Sie niemals mit der blo\u00dfen Hand anfassen. Mehr ist eigentlich nicht n\u00f6tig, damit die Leistungsf\u00e4higkeit erhalten bleibt.<\/p>\n<p>Sollte doch einmal Schmutz auf die Optik gelangen, ist es meistens besser, nichts zu tun. Etwas Staub auf den Linsen beeintr\u00e4chtigt die Bildqualit\u00e4t kaum, w\u00e4hrend beim Reinigen leicht Kratzer in der Verg\u00fctung entstehen k\u00f6nnen \u2013 Staub kann unter anderem sehr harte Silikate enthalten. Diese Kratzer verursachen leicht st\u00f6rende Reflexionen. Nur Fingerabdr\u00fccke sollten wegen der darin enthaltenen S\u00e4uren sofort entfernt werden.<\/p>\n<p>Wenn eine Reinigung unumg\u00e4nglich ist, sollten Sie zuerst den groben Schmutz mit einem Kamelhaarpinsel oder mit Druckluft entfernen, wie sie auch f\u00fcr die Reinigung von Kameraobjektiven im Fotofachhandel angeboten werden. Gerade bei Druckluft sollte aber besser etwas mehr Sicherheitsabstand gewahrt werden als vom Hersteller angegeben, damit keine Verunreinigungen aus der Druckluftdose die Linse sandstrahlen k\u00f6nnen.<\/p>\n<p>Mit einer Mischung aus Isopropanol (25%) und destilliertem Wasser (75%) oder einer Reinigungsl\u00f6sung wie Optical Wonder von Baader Planetarium k\u00f6nnen Sie Fettablagerungen entfernen, indem Sie einen Wattebausch damit tr\u00e4nken und ihn dann ohne Druck \u00fcber die Linse f\u00fchrt. Dabei drehen Sie den Wattebausch in die Richtung, in die Sie ihn bewegen \u2013 dadurch kann kein Schmutz zwischen Watte und Linse gelangen.<\/p>\n<p>Absolute Sauberkeit l\u00e4sst sich aber nie erreichen, daher sollten Sie nur dann reinigen, wenn es notwendig ist, und vorsichtig arbeiten \u2013 so mancher Sternfreund hat beim Polieren seiner Optik schon die Verg\u00fctung mit entfernt.<\/p>\n<p style=\"text-align: right;\"><strong>weiter:<\/strong> <a title=\"Checkliste f\u00fcr den Fernglaskauf\" href=\"http:\/\/freebook.fernglas-astronomie.de\/?page_id=56\">Checkliste f\u00fcr den Fernglaskauf<\/a><\/p>\n","protected":false},"excerpt":{"rendered":"<p>Ein gutes Fernglas ist ein optisches Pr\u00e4zisionsinstrument und sollte auch so behandelt werden. Au\u00dferdem ist es f\u00fcr den Massenmarkt produziert und deshalb vergleichsweise robust, sodass Sie mit ein wenig Sorgfalt lange Freude an ihm haben k\u00f6nnen. Damit der Tubus nicht dejustiert wird, sollten Sie St\u00f6\u00dfe vermeiden und das Fernglas in seiner Schutztasche aufbewahren, wenn es &hellip; <a href=\"http:\/\/freebook.fernglas-astronomie.de\/?page_id=54\" class=\"more-link\"><span class=\"screen-reader-text\">Die richtige Pflege<\/span> weiterlesen <span class=\"meta-nav\">&rarr;<\/span><\/a><\/p>\n","protected":false},"author":1,"featured_media":0,"parent":36,"menu_order":0,"comment_status":"closed","ping_status":"closed","template":"","meta":{"footnotes":""},"class_list":["post-54","page","type-page","status-publish","hentry"],"_links":{"self":[{"href":"http:\/\/freebook.fernglas-astronomie.de\/index.php?rest_route=\/wp\/v2\/pages\/54","targetHints":{"allow":["GET"]}}],"collection":[{"href":"http:\/\/freebook.fernglas-astronomie.de\/index.php?rest_route=\/wp\/v2\/pages"}],"about":[{"href":"http:\/\/freebook.fernglas-astronomie.de\/index.php?rest_route=\/wp\/v2\/types\/page"}],"author":[{"embeddable":true,"href":"http:\/\/freebook.fernglas-astronomie.de\/index.php?rest_route=\/wp\/v2\/users\/1"}],"replies":[{"embeddable":true,"href":"http:\/\/freebook.fernglas-astronomie.de\/index.php?rest_route=%2Fwp%2Fv2%2Fcomments&post=54"}],"version-history":[{"count":3,"href":"http:\/\/freebook.fernglas-astronomie.de\/index.php?rest_route=\/wp\/v2\/pages\/54\/revisions"}],"predecessor-version":[{"id":570,"href":"http:\/\/freebook.fernglas-astronomie.de\/index.php?rest_route=\/wp\/v2\/pages\/54\/revisions\/570"}],"up":[{"embeddable":true,"href":"http:\/\/freebook.fernglas-astronomie.de\/index.php?rest_route=\/wp\/v2\/pages\/36"}],"wp:attachment":[{"href":"http:\/\/freebook.fernglas-astronomie.de\/index.php?rest_route=%2Fwp%2Fv2%2Fmedia&parent=54"}],"curies":[{"name":"wp","href":"https:\/\/api.w.org\/{rel}","templated":true}]}}