{"id":501,"date":"2014-04-13T17:40:08","date_gmt":"2014-04-13T15:40:08","guid":{"rendered":"http:\/\/freebook.fernglas-astronomie.de\/?page_id=501"},"modified":"2014-04-17T10:22:07","modified_gmt":"2014-04-17T08:22:07","slug":"d-karpaten","status":"publish","type":"page","link":"http:\/\/freebook.fernglas-astronomie.de\/?page_id=501","title":{"rendered":"d) Karpaten"},"content":{"rendered":"<p>Dieses 280 km lange und 60\u00a0km breite Bergmassiv befindet sich n\u00f6rdlich des Kraters Copernicus, sodass es leicht zu finden ist. Es enth\u00e4lt viele bis zu 2400 m hohe Gipfel und lange T\u00e4ler. Nur wenige Krater unterbrechen dieses Gebirge.<\/p>\n","protected":false},"excerpt":{"rendered":"<p>Dieses 280 km lange und 60\u00a0km breite Bergmassiv befindet sich n\u00f6rdlich des Kraters Copernicus, sodass es leicht zu finden ist. Es enth\u00e4lt viele bis zu 2400 m hohe Gipfel und lange T\u00e4ler. Nur wenige Krater unterbrechen dieses Gebirge.<\/p>\n","protected":false},"author":1,"featured_media":0,"parent":492,"menu_order":0,"comment_status":"closed","ping_status":"closed","template":"","meta":{"footnotes":""},"class_list":["post-501","page","type-page","status-publish","hentry"],"_links":{"self":[{"href":"http:\/\/freebook.fernglas-astronomie.de\/index.php?rest_route=\/wp\/v2\/pages\/501","targetHints":{"allow":["GET"]}}],"collection":[{"href":"http:\/\/freebook.fernglas-astronomie.de\/index.php?rest_route=\/wp\/v2\/pages"}],"about":[{"href":"http:\/\/freebook.fernglas-astronomie.de\/index.php?rest_route=\/wp\/v2\/types\/page"}],"author":[{"embeddable":true,"href":"http:\/\/freebook.fernglas-astronomie.de\/index.php?rest_route=\/wp\/v2\/users\/1"}],"replies":[{"embeddable":true,"href":"http:\/\/freebook.fernglas-astronomie.de\/index.php?rest_route=%2Fwp%2Fv2%2Fcomments&post=501"}],"version-history":[{"count":1,"href":"http:\/\/freebook.fernglas-astronomie.de\/index.php?rest_route=\/wp\/v2\/pages\/501\/revisions"}],"predecessor-version":[{"id":502,"href":"http:\/\/freebook.fernglas-astronomie.de\/index.php?rest_route=\/wp\/v2\/pages\/501\/revisions\/502"}],"up":[{"embeddable":true,"href":"http:\/\/freebook.fernglas-astronomie.de\/index.php?rest_route=\/wp\/v2\/pages\/492"}],"wp:attachment":[{"href":"http:\/\/freebook.fernglas-astronomie.de\/index.php?rest_route=%2Fwp%2Fv2%2Fmedia&parent=501"}],"curies":[{"name":"wp","href":"https:\/\/api.w.org\/{rel}","templated":true}]}}