{"id":407,"date":"2014-04-13T16:38:06","date_gmt":"2014-04-13T14:38:06","guid":{"rendered":"http:\/\/freebook.fernglas-astronomie.de\/?page_id=407"},"modified":"2014-04-17T10:15:04","modified_gmt":"2014-04-17T08:15:04","slug":"drache","status":"publish","type":"page","link":"http:\/\/freebook.fernglas-astronomie.de\/?page_id=407","title":{"rendered":"Drache"},"content":{"rendered":"<p>Obwohl der Drache nur aus sehr lichtschwachen Sternen besteht, die sich um den Himmelsnordpol winden, geh\u00f6rt er zu den \u00e4ltesten und gr\u00f6\u00dften Sternbildern. Fr\u00fcher geh\u00f6rten auch die Sterne des Kleinen Wagen zu dem Drache, in Mesopotamien symbolisierten sie die Fl\u00fcgel des Drachen. In manchen mesopotamischen Darstellungen zog der Drache den Gro\u00dfen Wagen, der dem Himmelsgott Enlil geh\u00f6rte. Der Drache enth\u00e4lt eine ganze Reihe von Galaxien, die f\u00fcr das Fernglas leider zu lichtschwach sind.<\/p>\n<p><em><strong>\u03b1 Draconis (Thuban)<\/strong><\/em> war noch vor 5000 Jahren Polarstern: Im Jahr 2830 v. Chr. lag der n\u00f6rdliche Himmelspol nur 10 Bogenminuten neben dem 3,6<sup>m<\/sup> hellen Stern. Durch die Pr\u00e4zessionsbewegung der Erdachse liegt der Himmelspol mittlerweile nahe des helleren Polaris. Thuban ist ein 309 Lichtjahre entfernter Einzelstern und leicht zwischen dem Sternpaar Mizar\/Alkor im Gro\u00dfen Wagen und den Kastensternen des Kleinen Wagens zu finden.<\/p>\n<p><strong><em>\u03bd Draconis <\/em><\/strong>oder<em><\/em><strong><em> Kuma<\/em><\/strong> gilt nicht nur als einer der sch\u00f6nsten Doppelsterne f\u00fcr das Fernglas, gemeinsam mit \u03b2, \u03b3 und \u03be bildet er au\u00dferdem den Kopf des Drachen. \u03bd ist ein 100 Lichtjahre entfernter Doppelstern aus zwei rein wei\u00dfen, 4,9<sup>m<\/sup> hellen Sternen. Sie stehen 62\u00a0Bogensekunden nebeneinander, was 2280\u00a0AE entspricht. Seit 1833 hat sich ihr Anblick nicht ver\u00e4ndert, trotzdem handelt es sich um einen physischen Doppelstern.<\/p>\n<p>1,5 Bogenminuten trennen die beiden Sterne <em><strong>16 und 17 Draconis<\/strong><\/em>. Trotzdem bildet dieses weite Sternpaar einen physischen Doppelstern, zumindest bewegen sie sich mit der selben Geschwindigkeit in die selbe Richtung. Die beiden Sterne sind 5,4 und 5,5<sup>m<\/sup> hell. Der etwas hellere Stern ist 17 Draconis. Er hat einen weiteren, 6,4<sup>m<\/sup> hellen Begleiter, der im Fernglas aber nicht von ihm getrennt werden kann. 400 Lichtjahre trennen uns von diesem Sternsystem.<\/p>\n<p>Der <em><strong>Katzenaugennebel NGC 6543<\/strong><\/em> ist ein nur 18 Bogensekunden gro\u00dfer planetarischer Nebel, der als gr\u00fcnlicher oder bl\u00e4ulicher Stern zwischen \u03b4 und \u03b6\u00a0Draconis gefunden werden kann. Mehr als ein 8,8<sup>m<\/sup> heller Stern ist im Fernglas jedoch nicht zu erkennen. Der 3000 Lichtjahre entfernte Nebel entstand vor rund 1000 Jahren und hat einen Durchmesser von 20\u2009000 AE oder einem Drittel Lichtjahr. In seiner N\u00e4he befindet sich der Pol der Ekliptik, damit befindet er sich auch im Zentrum des Kreises, den der Himmelsnordpol im Lauf von 25\u2009850 Jahren beschreibt.<\/p>\n","protected":false},"excerpt":{"rendered":"<p>Obwohl der Drache nur aus sehr lichtschwachen Sternen besteht, die sich um den Himmelsnordpol winden, geh\u00f6rt er zu den \u00e4ltesten und gr\u00f6\u00dften Sternbildern. Fr\u00fcher geh\u00f6rten auch die Sterne des Kleinen Wagen zu dem Drache, in Mesopotamien symbolisierten sie die Fl\u00fcgel des Drachen. In manchen mesopotamischen Darstellungen zog der Drache den Gro\u00dfen Wagen, der dem Himmelsgott &hellip; <a href=\"http:\/\/freebook.fernglas-astronomie.de\/?page_id=407\" class=\"more-link\"><span class=\"screen-reader-text\">Drache<\/span> weiterlesen <span class=\"meta-nav\">&rarr;<\/span><\/a><\/p>\n","protected":false},"author":1,"featured_media":0,"parent":399,"menu_order":0,"comment_status":"closed","ping_status":"closed","template":"","meta":{"footnotes":""},"class_list":["post-407","page","type-page","status-publish","hentry"],"_links":{"self":[{"href":"http:\/\/freebook.fernglas-astronomie.de\/index.php?rest_route=\/wp\/v2\/pages\/407","targetHints":{"allow":["GET"]}}],"collection":[{"href":"http:\/\/freebook.fernglas-astronomie.de\/index.php?rest_route=\/wp\/v2\/pages"}],"about":[{"href":"http:\/\/freebook.fernglas-astronomie.de\/index.php?rest_route=\/wp\/v2\/types\/page"}],"author":[{"embeddable":true,"href":"http:\/\/freebook.fernglas-astronomie.de\/index.php?rest_route=\/wp\/v2\/users\/1"}],"replies":[{"embeddable":true,"href":"http:\/\/freebook.fernglas-astronomie.de\/index.php?rest_route=%2Fwp%2Fv2%2Fcomments&post=407"}],"version-history":[{"count":1,"href":"http:\/\/freebook.fernglas-astronomie.de\/index.php?rest_route=\/wp\/v2\/pages\/407\/revisions"}],"predecessor-version":[{"id":408,"href":"http:\/\/freebook.fernglas-astronomie.de\/index.php?rest_route=\/wp\/v2\/pages\/407\/revisions\/408"}],"up":[{"embeddable":true,"href":"http:\/\/freebook.fernglas-astronomie.de\/index.php?rest_route=\/wp\/v2\/pages\/399"}],"wp:attachment":[{"href":"http:\/\/freebook.fernglas-astronomie.de\/index.php?rest_route=%2Fwp%2Fv2%2Fmedia&parent=407"}],"curies":[{"name":"wp","href":"https:\/\/api.w.org\/{rel}","templated":true}]}}