{"id":368,"date":"2014-04-13T15:57:56","date_gmt":"2014-04-13T13:57:56","guid":{"rendered":"http:\/\/freebook.fernglas-astronomie.de\/?page_id=368"},"modified":"2014-04-17T10:16:44","modified_gmt":"2014-04-17T08:16:44","slug":"der-winterhimmel","status":"publish","type":"page","link":"http:\/\/freebook.fernglas-astronomie.de\/?page_id=368","title":{"rendered":"Der Winterhimmel"},"content":{"rendered":"<p>Die langen und kalten Wintern\u00e4chte bieten mit dem Wintersechseck und der Milchstra\u00dfe einen grandiosen Himmel. Das Wintersechseck besteht sechs Sternen zwischen -1,5 und +1,2<sup>m<\/sup>: Sirius, Rigel, Aldebaran, Capella, Pollux und Procyon. Auch die Milchstra\u00dfe ist auff\u00e4llig. Im Winter sehen wir in ihre \u00e4u\u00dferen Bereiche, die nur von wenigen Staubwolken verborgen werden und eine Vielzahl von sehenswerten Deep-Sky-Objekten enthalten \u2013 die kalten N\u00e4chte lohnen sich.<\/p>\n<h4>weiter zu:<\/h4>\n<ul>\n<li><a title=\"Einhorn\" href=\"http:\/\/freebook.fernglas-astronomie.de\/?page_id=371\">Einhorn<\/a><\/li>\n<li><a title=\"Eridanus\" href=\"http:\/\/freebook.fernglas-astronomie.de\/?page_id=373\">Eridanus<\/a><\/li>\n<li><a title=\"Fuhrmann\" href=\"http:\/\/freebook.fernglas-astronomie.de\/?page_id=376\">Fuhrmann<\/a><\/li>\n<li><a title=\"Gro\u00dfer Hund\" href=\"http:\/\/freebook.fernglas-astronomie.de\/?page_id=380\">Gro\u00dfer Hund<\/a><\/li>\n<li><a title=\"Hase\" href=\"http:\/\/freebook.fernglas-astronomie.de\/?page_id=382\">Hase<\/a><\/li>\n<li><a title=\"Kleiner Hund\" href=\"http:\/\/freebook.fernglas-astronomie.de\/?page_id=384\">Kleiner Hund<\/a><\/li>\n<li><a title=\"Orion\" href=\"http:\/\/freebook.fernglas-astronomie.de\/?page_id=386\">Orion<\/a><\/li>\n<li><a title=\"Perseus\" href=\"http:\/\/freebook.fernglas-astronomie.de\/?page_id=389\">Perseus<\/a><\/li>\n<li><a title=\"Stier\" href=\"http:\/\/freebook.fernglas-astronomie.de\/?page_id=392\">Stier<\/a><\/li>\n<li><a title=\"Zwillinge\" href=\"http:\/\/freebook.fernglas-astronomie.de\/?page_id=395\">Zwillinge<\/a><\/li>\n<\/ul>\n","protected":false},"excerpt":{"rendered":"<p>Die langen und kalten Wintern\u00e4chte bieten mit dem Wintersechseck und der Milchstra\u00dfe einen grandiosen Himmel. Das Wintersechseck besteht sechs Sternen zwischen -1,5 und +1,2m: Sirius, Rigel, Aldebaran, Capella, Pollux und Procyon. Auch die Milchstra\u00dfe ist auff\u00e4llig. Im Winter sehen wir in ihre \u00e4u\u00dferen Bereiche, die nur von wenigen Staubwolken verborgen werden und eine Vielzahl von &hellip; <a href=\"http:\/\/freebook.fernglas-astronomie.de\/?page_id=368\" class=\"more-link\"><span class=\"screen-reader-text\">Der Winterhimmel<\/span> weiterlesen <span class=\"meta-nav\">&rarr;<\/span><\/a><\/p>\n","protected":false},"author":1,"featured_media":0,"parent":0,"menu_order":0,"comment_status":"closed","ping_status":"closed","template":"","meta":{"footnotes":""},"class_list":["post-368","page","type-page","status-publish","hentry"],"_links":{"self":[{"href":"http:\/\/freebook.fernglas-astronomie.de\/index.php?rest_route=\/wp\/v2\/pages\/368","targetHints":{"allow":["GET"]}}],"collection":[{"href":"http:\/\/freebook.fernglas-astronomie.de\/index.php?rest_route=\/wp\/v2\/pages"}],"about":[{"href":"http:\/\/freebook.fernglas-astronomie.de\/index.php?rest_route=\/wp\/v2\/types\/page"}],"author":[{"embeddable":true,"href":"http:\/\/freebook.fernglas-astronomie.de\/index.php?rest_route=\/wp\/v2\/users\/1"}],"replies":[{"embeddable":true,"href":"http:\/\/freebook.fernglas-astronomie.de\/index.php?rest_route=%2Fwp%2Fv2%2Fcomments&post=368"}],"version-history":[{"count":3,"href":"http:\/\/freebook.fernglas-astronomie.de\/index.php?rest_route=\/wp\/v2\/pages\/368\/revisions"}],"predecessor-version":[{"id":398,"href":"http:\/\/freebook.fernglas-astronomie.de\/index.php?rest_route=\/wp\/v2\/pages\/368\/revisions\/398"}],"wp:attachment":[{"href":"http:\/\/freebook.fernglas-astronomie.de\/index.php?rest_route=%2Fwp%2Fv2%2Fmedia&parent=368"}],"curies":[{"name":"wp","href":"https:\/\/api.w.org\/{rel}","templated":true}]}}