{"id":286,"date":"2014-04-13T14:40:16","date_gmt":"2014-04-13T12:40:16","guid":{"rendered":"http:\/\/freebook.fernglas-astronomie.de\/?page_id=286"},"modified":"2014-04-17T10:13:22","modified_gmt":"2014-04-17T08:13:22","slug":"kleienr-loewe","status":"publish","type":"page","link":"http:\/\/freebook.fernglas-astronomie.de\/?page_id=286","title":{"rendered":"Kleiner L\u00f6we"},"content":{"rendered":"<p>Der Kleine L\u00f6we wurde erst 1690 eingef\u00fchrt, um die L\u00fccke zwischen L\u00f6we und Gro\u00dfem B\u00e4ren zu f\u00fcllen. Sein hellster Stern ist lediglich 3,8m hell. Auch ein gr\u00f6\u00dferes Teleskop zeigt in diesem Sternbild au\u00dfer einigen lichtschwachen Galaxien keine nennenswerten Objekte.<\/p>\n<p>Der <strong><em>Segelboothaufen Harrington 6<\/em><\/strong> ist entweder ein lockerer offener Sternhaufen oder nur eine zuf\u00e4llige Ansammlung aus neun Sternen, die an ein stilisiertes Segelboot erinnert. Der Mast zeigt nach S\u00fcden, sodass das Boot auf dem Kopf steht. Der Segelboothaufen hat einen Durchmesser von fast einem Grad und wurde erstmals 1988 durch Daniel Hudak in der Zeitschrift Deep Sky beschrieben. Sein hellster Stern ist der 6,5<sup>m<\/sup> helle Stern 22 Leonis Minoris. Er befindet sich etwa auf halber Strecke zwischen \u03b2 Leonis Minoris und \u03bc Leonis, etwas n\u00e4her an dem Hauptstern des Kleinen L\u00f6wen als an dem Stern im Kopf des L\u00f6wen.<\/p>\n","protected":false},"excerpt":{"rendered":"<p>Der Kleine L\u00f6we wurde erst 1690 eingef\u00fchrt, um die L\u00fccke zwischen L\u00f6we und Gro\u00dfem B\u00e4ren zu f\u00fcllen. Sein hellster Stern ist lediglich 3,8m hell. Auch ein gr\u00f6\u00dferes Teleskop zeigt in diesem Sternbild au\u00dfer einigen lichtschwachen Galaxien keine nennenswerten Objekte. Der Segelboothaufen Harrington 6 ist entweder ein lockerer offener Sternhaufen oder nur eine zuf\u00e4llige Ansammlung aus &hellip; <a href=\"http:\/\/freebook.fernglas-astronomie.de\/?page_id=286\" class=\"more-link\"><span class=\"screen-reader-text\">Kleiner L\u00f6we<\/span> weiterlesen <span class=\"meta-nav\">&rarr;<\/span><\/a><\/p>\n","protected":false},"author":1,"featured_media":0,"parent":272,"menu_order":0,"comment_status":"closed","ping_status":"closed","template":"","meta":{"footnotes":""},"class_list":["post-286","page","type-page","status-publish","hentry"],"_links":{"self":[{"href":"http:\/\/freebook.fernglas-astronomie.de\/index.php?rest_route=\/wp\/v2\/pages\/286","targetHints":{"allow":["GET"]}}],"collection":[{"href":"http:\/\/freebook.fernglas-astronomie.de\/index.php?rest_route=\/wp\/v2\/pages"}],"about":[{"href":"http:\/\/freebook.fernglas-astronomie.de\/index.php?rest_route=\/wp\/v2\/types\/page"}],"author":[{"embeddable":true,"href":"http:\/\/freebook.fernglas-astronomie.de\/index.php?rest_route=\/wp\/v2\/users\/1"}],"replies":[{"embeddable":true,"href":"http:\/\/freebook.fernglas-astronomie.de\/index.php?rest_route=%2Fwp%2Fv2%2Fcomments&post=286"}],"version-history":[{"count":2,"href":"http:\/\/freebook.fernglas-astronomie.de\/index.php?rest_route=\/wp\/v2\/pages\/286\/revisions"}],"predecessor-version":[{"id":288,"href":"http:\/\/freebook.fernglas-astronomie.de\/index.php?rest_route=\/wp\/v2\/pages\/286\/revisions\/288"}],"up":[{"embeddable":true,"href":"http:\/\/freebook.fernglas-astronomie.de\/index.php?rest_route=\/wp\/v2\/pages\/272"}],"wp:attachment":[{"href":"http:\/\/freebook.fernglas-astronomie.de\/index.php?rest_route=%2Fwp%2Fv2%2Fmedia&parent=286"}],"curies":[{"name":"wp","href":"https:\/\/api.w.org\/{rel}","templated":true}]}}