{"id":275,"date":"2014-04-13T14:29:25","date_gmt":"2014-04-13T12:29:25","guid":{"rendered":"http:\/\/freebook.fernglas-astronomie.de\/?page_id=275"},"modified":"2014-08-24T22:33:52","modified_gmt":"2014-08-24T20:33:52","slug":"bootes","status":"publish","type":"page","link":"http:\/\/freebook.fernglas-astronomie.de\/?page_id=275","title":{"rendered":"Bootes"},"content":{"rendered":"<p>Die markante Form des Bootes wird h\u00e4ufig mit einer Eist\u00fcte oder einer Krawatte verglichen und ist leicht zu erkennen. Da er fern der Milchstra\u00dfe steht, enth\u00e4lt er jedoch keine helleren Deep-Sky-Objekte.<\/p>\n<p>Der 0,16<sup>m<\/sup> helle <em><strong>\u03b1 Bootis (Arktur)<\/strong><\/em> ist der vierthellste Stern am Himmel und lediglich 36,7 Lichtjahre von unserer Sonne entfernt. Obwohl er den 27-fachen Sonnendurchmesser hat, besitzt er nur das vierfache ihrer Masse. Arktur ist ein alter Stern aus dem Halo der Milchstra\u00dfe, der die Milchstra\u00dfenebene zurzeit mit 118 km\/s quer zur Bahn unserer Sonne durchquert. Noch vor zwei Millionen Jahren war er \u00fcber 800 Lichtjahre entfernt, in weiteren zwei Millionen Jahren wird er nur noch als 6,7<sup>m<\/sup> helles Sternchen im Sternbild Segel zu sehen sein. Vorl\u00e4ufig kommt er der Erde noch in jeder Sekunde um f\u00fcnf Kilometer n\u00e4her.<\/p>\n<p><strong><em>\u03b9 Bootis<\/em><\/strong> steht hoch im Nordwesten des Sternbildes an der Grenze zum Gro\u00dfen B\u00e4ren. Unter guten Bedingungen gen\u00fcgt bereits siebenfache Vergr\u00f6\u00dferung, um 39 Bogensekunden neben dem 4,8<sup>m<\/sup> hellen Stern einen 7,4<sup>m<\/sup> hellen Begleiter zu erkennen. Der hellere Stern ist neunmal heller als unsere Sonne und 97,2 Lichtjahre entfernt, sein Begleiter ist nur halb so hell wie die Sonne und steht in 71 Lichtjahren Entfernung. Der optische Doppelstern zeigt einen leichten Farbkontrast.<\/p>\n<p><strong><em>\u00b5 Bootis<\/em><\/strong> tr\u00e4gt den Namen Alkalurops (Wanderstab) und ist ein 121 Lichtjahre entfernter physischer Doppelstern. Dem blo\u00dfen Auge erscheint er als 4,3<sup>m<\/sup> heller Stern, der mit \u03b2 und \u03b4 ein flaches Dreieck bildet. Im Fernglas kann man leicht einen 108 Bogensekunden entfernten und 6,5<sup>m<\/sup> hellen Begleiter erkennen, der 3000 AE von dem Hauptstern entfernt ist. Er ist recht sonnen\u00e4hnlich und wird alle 260 Jahre in nur 43 AE von einem weiteren, \u00e4hnlich gro\u00dfen Stern umkreist, der aber erst im Teleskop von ihm getrennt werden kann.<\/p>\n","protected":false},"excerpt":{"rendered":"<p>Die markante Form des Bootes wird h\u00e4ufig mit einer Eist\u00fcte oder einer Krawatte verglichen und ist leicht zu erkennen. Da er fern der Milchstra\u00dfe steht, enth\u00e4lt er jedoch keine helleren Deep-Sky-Objekte. Der 0,16m helle \u03b1 Bootis (Arktur) ist der vierthellste Stern am Himmel und lediglich 36,7 Lichtjahre von unserer Sonne entfernt. Obwohl er den 27-fachen &hellip; <a href=\"http:\/\/freebook.fernglas-astronomie.de\/?page_id=275\" class=\"more-link\"><span class=\"screen-reader-text\">Bootes<\/span> weiterlesen <span class=\"meta-nav\">&rarr;<\/span><\/a><\/p>\n","protected":false},"author":1,"featured_media":0,"parent":272,"menu_order":0,"comment_status":"closed","ping_status":"closed","template":"","meta":{"footnotes":""},"class_list":["post-275","page","type-page","status-publish","hentry"],"_links":{"self":[{"href":"http:\/\/freebook.fernglas-astronomie.de\/index.php?rest_route=\/wp\/v2\/pages\/275","targetHints":{"allow":["GET"]}}],"collection":[{"href":"http:\/\/freebook.fernglas-astronomie.de\/index.php?rest_route=\/wp\/v2\/pages"}],"about":[{"href":"http:\/\/freebook.fernglas-astronomie.de\/index.php?rest_route=\/wp\/v2\/types\/page"}],"author":[{"embeddable":true,"href":"http:\/\/freebook.fernglas-astronomie.de\/index.php?rest_route=\/wp\/v2\/users\/1"}],"replies":[{"embeddable":true,"href":"http:\/\/freebook.fernglas-astronomie.de\/index.php?rest_route=%2Fwp%2Fv2%2Fcomments&post=275"}],"version-history":[{"count":2,"href":"http:\/\/freebook.fernglas-astronomie.de\/index.php?rest_route=\/wp\/v2\/pages\/275\/revisions"}],"predecessor-version":[{"id":594,"href":"http:\/\/freebook.fernglas-astronomie.de\/index.php?rest_route=\/wp\/v2\/pages\/275\/revisions\/594"}],"up":[{"embeddable":true,"href":"http:\/\/freebook.fernglas-astronomie.de\/index.php?rest_route=\/wp\/v2\/pages\/272"}],"wp:attachment":[{"href":"http:\/\/freebook.fernglas-astronomie.de\/index.php?rest_route=%2Fwp%2Fv2%2Fmedia&parent=275"}],"curies":[{"name":"wp","href":"https:\/\/api.w.org\/{rel}","templated":true}]}}