{"id":21,"date":"2014-04-13T11:51:04","date_gmt":"2014-04-13T09:51:04","guid":{"rendered":"http:\/\/freebook.fernglas-astronomie.de\/?page_id=21"},"modified":"2014-04-17T10:26:51","modified_gmt":"2014-04-17T08:26:51","slug":"vorwort","status":"publish","type":"page","link":"http:\/\/freebook.fernglas-astronomie.de\/?page_id=21","title":{"rendered":"Vorwort"},"content":{"rendered":"<p>Das Fernglas ist ein h\u00e4ufig untersch\u00e4tztes Ger\u00e4t f\u00fcr die Astronomie, das \u00f6fter von erfahrenen Beobachtern eingesetzt wird als von Einsteigern in die Astronomie. Dementsprechend wenig Literatur gibt es auch dar\u00fcber, was man in der Himmelsbeobachtung mit einem Fernglas erreichen kann \u2013 die meisten Objektlisten erw\u00e4hnen es nur am Rande und konzentrieren sich eher auf die gro\u00dfen, lichtstarken Ger\u00e4te, die in den letzten Jahren immer g\u00fcnstiger geworden sind.<\/p>\n<p>Dieses Buch richtet sich an alle, die die Grundlagen der Astronomie bereits kennen. Die Unterschiede zwischen Planeten und Sternen sind ebenso wie die Grundlagen der Himmelsmechanik in vielen B\u00fcchern ausf\u00fchrlicher beschrieben worden, als es im Rahmen dieses Buches m\u00f6glich ist. Wer mit dem Fernglas beobachten will, sollte sich am Himmel bereits einigerma\u00dfen auskennen \u2013 zumindest ein paar der wichtigsten Sternbilder sollten Sie mit Hilfe einer drehbaren Sternkarte identifizieren k\u00f6nnen.<\/p>\n<p>In diesem Buch liegt der Schwerpunkt daher darauf, was man mit einem Fernglas beobachten kann, was man eigentlich sieht und wie man es am besten erkennen kann. Der erste Teil des Buchs stellt das Fernglas vor, die Beobachtungstechniken und welchen Anblick man von den verschiedenen Objektklassen erwarten kann. Der gr\u00f6\u00dfte Teil des Buchs widmet sich den sch\u00f6nsten Objekten, die in der Reichweite des Fernglases liegen. Ausgew\u00e4hlt wurden sowohl die Ziele, die eigentlich nur im Fernglas gut zu beobachten sind, als auch etwas anspruchsvollere Objekte. Au\u00dferdem wurden Hintergrundinformationen aufgenommen, da das Wissen, was man eigentlich sieht, viel zu dem Beobachtungserlebnis beitr\u00e4gt.<\/p>\n<p>Da der Sprung von der Beobachtung mit dem blo\u00dfen Auge zur Beobachtung mit dem Fernglas etwa dem Sprung von der Beobachtung mit einem Fernglas zur Beobachtung mit einem Teleskop mit zehn bis vierzehn Zoll \u00d6ffnung entspricht, empfehle ich jedem, sich f\u00fcr einen intensiveren Blick in den Himmel zuerst mit einer Volkssternwarte in der N\u00e4he in Verbindung zu setzen. Dort kann man nicht nur durch meist hervorragende Ger\u00e4te sehen, sondern sich auch mit anderen Interessierten treffen \u2013 der gemeinsame Erfahrungsaustausch hilft \u00fcber viele Anfangsprobleme hinweg.<\/p>\n<p>Der Blick durch ein gutes Teleskop d\u00e4mpft auch die Erwartungen, die durch hervorragende Astroaufnahmen in Bildb\u00e4nden geweckt werden: Im Teleskop erscheinen alle Objekte schwarz-wei\u00df. Um einen Eindruck zu vermitteln, wurden f\u00fcr dieses Buch daher auch nicht die eindrucksvollsten Aufnahmen ausgew\u00e4hlt, sondern eher unscheinbare Bilder. Soweit nicht anders angegeben, haben alle Bilder von Deep-Sky-Objekten eine Kantenl\u00e4nge von etwa 1,5 bis 2,5 Grad, was etwa der H\u00e4lfte bis einem Drittel des Gesichtsfeldes eines Fernglases entspricht.<\/p>\n<p>Ansonsten bleibt mir nur, Ihnen viel Spa\u00df und viele klare N\u00e4chte zu w\u00fcnschen. Vergessen Sie nicht, dass man Beobachten wie alles andere \u00fcben muss und im Lauf der Zeit immer besser wird. Einen Einstieg finden Sie auf den folgenden Seiten, die Erfahrung m\u00fcssen Sie selbst sammeln.<\/p>\n<p>im August 2012<br \/>\nAlexander Kerste<\/p>\n","protected":false},"excerpt":{"rendered":"<p>Das Fernglas ist ein h\u00e4ufig untersch\u00e4tztes Ger\u00e4t f\u00fcr die Astronomie, das \u00f6fter von erfahrenen Beobachtern eingesetzt wird als von Einsteigern in die Astronomie. Dementsprechend wenig Literatur gibt es auch dar\u00fcber, was man in der Himmelsbeobachtung mit einem Fernglas erreichen kann \u2013 die meisten Objektlisten erw\u00e4hnen es nur am Rande und konzentrieren sich eher auf die &hellip; <a href=\"http:\/\/freebook.fernglas-astronomie.de\/?page_id=21\" class=\"more-link\"><span class=\"screen-reader-text\">Vorwort<\/span> weiterlesen <span class=\"meta-nav\">&rarr;<\/span><\/a><\/p>\n","protected":false},"author":1,"featured_media":0,"parent":0,"menu_order":0,"comment_status":"closed","ping_status":"closed","template":"","meta":{"footnotes":""},"class_list":["post-21","page","type-page","status-publish","hentry"],"_links":{"self":[{"href":"http:\/\/freebook.fernglas-astronomie.de\/index.php?rest_route=\/wp\/v2\/pages\/21","targetHints":{"allow":["GET"]}}],"collection":[{"href":"http:\/\/freebook.fernglas-astronomie.de\/index.php?rest_route=\/wp\/v2\/pages"}],"about":[{"href":"http:\/\/freebook.fernglas-astronomie.de\/index.php?rest_route=\/wp\/v2\/types\/page"}],"author":[{"embeddable":true,"href":"http:\/\/freebook.fernglas-astronomie.de\/index.php?rest_route=\/wp\/v2\/users\/1"}],"replies":[{"embeddable":true,"href":"http:\/\/freebook.fernglas-astronomie.de\/index.php?rest_route=%2Fwp%2Fv2%2Fcomments&post=21"}],"version-history":[{"count":1,"href":"http:\/\/freebook.fernglas-astronomie.de\/index.php?rest_route=\/wp\/v2\/pages\/21\/revisions"}],"predecessor-version":[{"id":23,"href":"http:\/\/freebook.fernglas-astronomie.de\/index.php?rest_route=\/wp\/v2\/pages\/21\/revisions\/23"}],"wp:attachment":[{"href":"http:\/\/freebook.fernglas-astronomie.de\/index.php?rest_route=%2Fwp%2Fv2%2Fmedia&parent=21"}],"curies":[{"name":"wp","href":"https:\/\/api.w.org\/{rel}","templated":true}]}}