{"id":150,"date":"2014-04-13T13:20:25","date_gmt":"2014-04-13T11:20:25","guid":{"rendered":"http:\/\/freebook.fernglas-astronomie.de\/?page_id=150"},"modified":"2014-04-17T10:22:48","modified_gmt":"2014-04-17T08:22:48","slug":"12-eudoxus","status":"publish","type":"page","link":"http:\/\/freebook.fernglas-astronomie.de\/?page_id=150","title":{"rendered":"12) Eudoxus"},"content":{"rendered":"<p>Eudoxus ist ein zerfallener, 67 km gro\u00dfer Krater, der in einer sehr h\u00fcgeligen Region liegt. Er hat sehr steile und unregelm\u00e4\u00dfige W\u00e4lle. Eudoxus befindet sich 80 km s\u00fcdlich des etwas gr\u00f6\u00dferen Kraters Aristoteles zwischen dem Mare Frigoris und dem Mare Serenitatis.<\/p>\n","protected":false},"excerpt":{"rendered":"<p>Eudoxus ist ein zerfallener, 67 km gro\u00dfer Krater, der in einer sehr h\u00fcgeligen Region liegt. Er hat sehr steile und unregelm\u00e4\u00dfige W\u00e4lle. Eudoxus befindet sich 80 km s\u00fcdlich des etwas gr\u00f6\u00dferen Kraters Aristoteles zwischen dem Mare Frigoris und dem Mare Serenitatis.<\/p>\n","protected":false},"author":1,"featured_media":0,"parent":121,"menu_order":0,"comment_status":"closed","ping_status":"closed","template":"","meta":{"footnotes":""},"class_list":["post-150","page","type-page","status-publish","hentry"],"_links":{"self":[{"href":"http:\/\/freebook.fernglas-astronomie.de\/index.php?rest_route=\/wp\/v2\/pages\/150","targetHints":{"allow":["GET"]}}],"collection":[{"href":"http:\/\/freebook.fernglas-astronomie.de\/index.php?rest_route=\/wp\/v2\/pages"}],"about":[{"href":"http:\/\/freebook.fernglas-astronomie.de\/index.php?rest_route=\/wp\/v2\/types\/page"}],"author":[{"embeddable":true,"href":"http:\/\/freebook.fernglas-astronomie.de\/index.php?rest_route=\/wp\/v2\/users\/1"}],"replies":[{"embeddable":true,"href":"http:\/\/freebook.fernglas-astronomie.de\/index.php?rest_route=%2Fwp%2Fv2%2Fcomments&post=150"}],"version-history":[{"count":1,"href":"http:\/\/freebook.fernglas-astronomie.de\/index.php?rest_route=\/wp\/v2\/pages\/150\/revisions"}],"predecessor-version":[{"id":151,"href":"http:\/\/freebook.fernglas-astronomie.de\/index.php?rest_route=\/wp\/v2\/pages\/150\/revisions\/151"}],"up":[{"embeddable":true,"href":"http:\/\/freebook.fernglas-astronomie.de\/index.php?rest_route=\/wp\/v2\/pages\/121"}],"wp:attachment":[{"href":"http:\/\/freebook.fernglas-astronomie.de\/index.php?rest_route=%2Fwp%2Fv2%2Fmedia&parent=150"}],"curies":[{"name":"wp","href":"https:\/\/api.w.org\/{rel}","templated":true}]}}