{"id":144,"date":"2014-04-13T13:19:22","date_gmt":"2014-04-13T11:19:22","guid":{"rendered":"http:\/\/freebook.fernglas-astronomie.de\/?page_id=144"},"modified":"2014-04-17T10:22:38","modified_gmt":"2014-04-17T08:22:38","slug":"10-endymion","status":"publish","type":"page","link":"http:\/\/freebook.fernglas-astronomie.de\/?page_id=144","title":{"rendered":"10) Endymion"},"content":{"rendered":"<p>Dieser \u00fcber 120 km gro\u00dfe Krater befindet sich zwischen dem Mondrand und dem Mare Frigoris. Sein dunkler, lava\u00fcberfluteter Boden hebt sich deutlich von der Umgebung ab, von der er durch fast 5 km hohe W\u00e4lle getrennt wird.<\/p>\n","protected":false},"excerpt":{"rendered":"<p>Dieser \u00fcber 120 km gro\u00dfe Krater befindet sich zwischen dem Mondrand und dem Mare Frigoris. Sein dunkler, lava\u00fcberfluteter Boden hebt sich deutlich von der Umgebung ab, von der er durch fast 5 km hohe W\u00e4lle getrennt wird.<\/p>\n","protected":false},"author":1,"featured_media":0,"parent":121,"menu_order":0,"comment_status":"closed","ping_status":"closed","template":"","meta":{"footnotes":""},"class_list":["post-144","page","type-page","status-publish","hentry"],"_links":{"self":[{"href":"http:\/\/freebook.fernglas-astronomie.de\/index.php?rest_route=\/wp\/v2\/pages\/144","targetHints":{"allow":["GET"]}}],"collection":[{"href":"http:\/\/freebook.fernglas-astronomie.de\/index.php?rest_route=\/wp\/v2\/pages"}],"about":[{"href":"http:\/\/freebook.fernglas-astronomie.de\/index.php?rest_route=\/wp\/v2\/types\/page"}],"author":[{"embeddable":true,"href":"http:\/\/freebook.fernglas-astronomie.de\/index.php?rest_route=\/wp\/v2\/users\/1"}],"replies":[{"embeddable":true,"href":"http:\/\/freebook.fernglas-astronomie.de\/index.php?rest_route=%2Fwp%2Fv2%2Fcomments&post=144"}],"version-history":[{"count":1,"href":"http:\/\/freebook.fernglas-astronomie.de\/index.php?rest_route=\/wp\/v2\/pages\/144\/revisions"}],"predecessor-version":[{"id":146,"href":"http:\/\/freebook.fernglas-astronomie.de\/index.php?rest_route=\/wp\/v2\/pages\/144\/revisions\/146"}],"up":[{"embeddable":true,"href":"http:\/\/freebook.fernglas-astronomie.de\/index.php?rest_route=\/wp\/v2\/pages\/121"}],"wp:attachment":[{"href":"http:\/\/freebook.fernglas-astronomie.de\/index.php?rest_route=%2Fwp%2Fv2%2Fmedia&parent=144"}],"curies":[{"name":"wp","href":"https:\/\/api.w.org\/{rel}","templated":true}]}}