{"id":126,"date":"2014-04-13T13:15:51","date_gmt":"2014-04-13T11:15:51","guid":{"rendered":"http:\/\/freebook.fernglas-astronomie.de\/?page_id=126"},"modified":"2014-04-17T10:23:35","modified_gmt":"2014-04-17T08:23:35","slug":"2-aristoteles","status":"publish","type":"page","link":"http:\/\/freebook.fernglas-astronomie.de\/?page_id=126","title":{"rendered":"2) Aristoteles"},"content":{"rendered":"<p>Da dieser 87 km gro\u00dfe Krater hoch im Norden des Mondes liegt, sehen wir schr\u00e4g in ihn hinein. In seiner Mitte befinden sich statt eines Zentralberges zwei rund 500 m hohe H\u00fcgel. Von den 3600\u00a0m hohen W\u00e4llen gehen mehrere Bergketten sowie ein kleines Strahlensystem aus. Es ist wohl bei dem Einschlag entstanden, als fl\u00fcssiges Gestein aufspritze und sich rund um den Krater verteilte.<\/p>\n","protected":false},"excerpt":{"rendered":"<p>Da dieser 87 km gro\u00dfe Krater hoch im Norden des Mondes liegt, sehen wir schr\u00e4g in ihn hinein. In seiner Mitte befinden sich statt eines Zentralberges zwei rund 500 m hohe H\u00fcgel. Von den 3600\u00a0m hohen W\u00e4llen gehen mehrere Bergketten sowie ein kleines Strahlensystem aus. Es ist wohl bei dem Einschlag entstanden, als fl\u00fcssiges Gestein &hellip; <a href=\"http:\/\/freebook.fernglas-astronomie.de\/?page_id=126\" class=\"more-link\"><span class=\"screen-reader-text\">2) Aristoteles<\/span> weiterlesen <span class=\"meta-nav\">&rarr;<\/span><\/a><\/p>\n","protected":false},"author":1,"featured_media":0,"parent":121,"menu_order":0,"comment_status":"closed","ping_status":"closed","template":"","meta":{"footnotes":""},"class_list":["post-126","page","type-page","status-publish","hentry"],"_links":{"self":[{"href":"http:\/\/freebook.fernglas-astronomie.de\/index.php?rest_route=\/wp\/v2\/pages\/126","targetHints":{"allow":["GET"]}}],"collection":[{"href":"http:\/\/freebook.fernglas-astronomie.de\/index.php?rest_route=\/wp\/v2\/pages"}],"about":[{"href":"http:\/\/freebook.fernglas-astronomie.de\/index.php?rest_route=\/wp\/v2\/types\/page"}],"author":[{"embeddable":true,"href":"http:\/\/freebook.fernglas-astronomie.de\/index.php?rest_route=\/wp\/v2\/users\/1"}],"replies":[{"embeddable":true,"href":"http:\/\/freebook.fernglas-astronomie.de\/index.php?rest_route=%2Fwp%2Fv2%2Fcomments&post=126"}],"version-history":[{"count":1,"href":"http:\/\/freebook.fernglas-astronomie.de\/index.php?rest_route=\/wp\/v2\/pages\/126\/revisions"}],"predecessor-version":[{"id":127,"href":"http:\/\/freebook.fernglas-astronomie.de\/index.php?rest_route=\/wp\/v2\/pages\/126\/revisions\/127"}],"up":[{"embeddable":true,"href":"http:\/\/freebook.fernglas-astronomie.de\/index.php?rest_route=\/wp\/v2\/pages\/121"}],"wp:attachment":[{"href":"http:\/\/freebook.fernglas-astronomie.de\/index.php?rest_route=%2Fwp%2Fv2%2Fmedia&parent=126"}],"curies":[{"name":"wp","href":"https:\/\/api.w.org\/{rel}","templated":true}]}}