{"id":105,"date":"2014-04-13T13:07:26","date_gmt":"2014-04-13T11:07:26","guid":{"rendered":"http:\/\/freebook.fernglas-astronomie.de\/?page_id=105"},"modified":"2014-04-17T10:24:48","modified_gmt":"2014-04-17T08:24:48","slug":"d-mare-humorum","status":"publish","type":"page","link":"http:\/\/freebook.fernglas-astronomie.de\/?page_id=105","title":{"rendered":"D) Mare Humorum"},"content":{"rendered":"<p>Zusammen mit dem Mare Serenitatis ist das \u201eMeer der Feuchtigkeit\u201c eines der \u00e4ltesten Mondmeere. Das nur 400 km gro\u00dfe Lavameer hat im S\u00fcden einige \u00e4ltere Krater \u00fcberschwemmt. Im Norden grenzt es an den 90 km gro\u00dfen Krater Gassendi. Im Nordwesten wird das Meer durch die beiden 230 km langen Mersenius-Rillen begrenzt, die allerdings erst im Teleskop zu sehen sind.<\/p>\n","protected":false},"excerpt":{"rendered":"<p>Zusammen mit dem Mare Serenitatis ist das \u201eMeer der Feuchtigkeit\u201c eines der \u00e4ltesten Mondmeere. Das nur 400 km gro\u00dfe Lavameer hat im S\u00fcden einige \u00e4ltere Krater \u00fcberschwemmt. Im Norden grenzt es an den 90 km gro\u00dfen Krater Gassendi. Im Nordwesten wird das Meer durch die beiden 230 km langen Mersenius-Rillen begrenzt, die allerdings erst im &hellip; <a href=\"http:\/\/freebook.fernglas-astronomie.de\/?page_id=105\" class=\"more-link\"><span class=\"screen-reader-text\">D) Mare Humorum<\/span> weiterlesen <span class=\"meta-nav\">&rarr;<\/span><\/a><\/p>\n","protected":false},"author":1,"featured_media":0,"parent":97,"menu_order":0,"comment_status":"closed","ping_status":"closed","template":"","meta":{"footnotes":""},"class_list":["post-105","page","type-page","status-publish","hentry"],"_links":{"self":[{"href":"http:\/\/freebook.fernglas-astronomie.de\/index.php?rest_route=\/wp\/v2\/pages\/105","targetHints":{"allow":["GET"]}}],"collection":[{"href":"http:\/\/freebook.fernglas-astronomie.de\/index.php?rest_route=\/wp\/v2\/pages"}],"about":[{"href":"http:\/\/freebook.fernglas-astronomie.de\/index.php?rest_route=\/wp\/v2\/types\/page"}],"author":[{"embeddable":true,"href":"http:\/\/freebook.fernglas-astronomie.de\/index.php?rest_route=\/wp\/v2\/users\/1"}],"replies":[{"embeddable":true,"href":"http:\/\/freebook.fernglas-astronomie.de\/index.php?rest_route=%2Fwp%2Fv2%2Fcomments&post=105"}],"version-history":[{"count":1,"href":"http:\/\/freebook.fernglas-astronomie.de\/index.php?rest_route=\/wp\/v2\/pages\/105\/revisions"}],"predecessor-version":[{"id":106,"href":"http:\/\/freebook.fernglas-astronomie.de\/index.php?rest_route=\/wp\/v2\/pages\/105\/revisions\/106"}],"up":[{"embeddable":true,"href":"http:\/\/freebook.fernglas-astronomie.de\/index.php?rest_route=\/wp\/v2\/pages\/97"}],"wp:attachment":[{"href":"http:\/\/freebook.fernglas-astronomie.de\/index.php?rest_route=%2Fwp%2Fv2%2Fmedia&parent=105"}],"curies":[{"name":"wp","href":"https:\/\/api.w.org\/{rel}","templated":true}]}}